*z - 37 = p. Let v = p - 13. Calculate the remainder when 25 is divided by v.
7
Suppose m - 2*t = 4*m - 25, -42 = -2*m + 5*t. Let r = -4 + 7. Suppose -3*c + 187 = 4*h, 4*h = -h + r*c + 200. Calculate the remainder when h is divided by m.
10
Calculate the remainder when 45 is divided by 3 + 1/(-1) - -14.
13
Let z = 24 + -14. Calculate the remainder when z is divided by (1 + 0)*(2 + 2).
2
Let r(g) = -g. Let s be r(-2). Suppose -l = 4*x - s*l - 173, -l = 2*x - 79. What is the remainder when x is divided by 9?
6
Let q be 64*3 + -1 - 1. Suppose 3*p + 2*p - q = 0. Let d = p + -18. Calculate the remainder when d is divided by 11.
9
Suppose -17*v + 134 + 121 = 0. Calculate the remainder when 72 is divided by v.
12
What is the remainder when (-12)/(-3)*(-216)/(-32) is divided by 10?
7
Let g(s) = s**2 - 10*s + 18. Suppose -4*t + 4 = -2*t. What is the remainder when g(8) is divided by t?
0
Let v(w) = 39*w**2 - w. Suppose -81 = 2*q - t, 12 = t + 3*t. What is the remainder when v(1) is divided by q*(-2 + (-10)/(-6))?
12
Let u(d) = d**2 + d + 2. Let s be u(0). Suppose -6*w + s*w - 91 = -5*a, a = 5*w + 14. What is the remainder when a is divided by (-38)/(-6) - (-4)/6?
5
Suppose 0 = 5*c + 21 + 9. Let q(a) = -a - 2. Calculate the remainder when 9 is divided by q(c).
1
Let i = -11 - -11. Suppose -w + 6*w - 100 = i. Suppose -4*f + 174 = -f. Calculate the remainder when f is divided by w.
18
Let d(r) = -r + 35. Calculate the remainder when 19 is divided by d(31).
3
Let g = 70 - -49. What is the remainder when g is divided by 12?
11
Let k(x) = -x**2 - 18*x + 5. What is the remainder when 41 is divided by k(-17)?
19
Let b(h) = h**2 + 9*h - 7. Let f be b(-10). Suppose 3*n - g + f*g - 31 = 0, 5*g = -4*n + 46. What is the remainder when 25 is divided by n?
7
Suppose -n + 0*n - b = 2, b = 2*n - 2. Let c be n - -97*(-1 + 2). Suppose 0*p + 2*p = -w + 67, -5*w + c = 3*p. Calculate the remainder when p is divided by 12.
10
Let r = -10 + 7. Let g = -27 + 46. What is the remainder when r + ((-12)/4 - -79) is divided by g?
16
Suppose -w - 3 = -16. What is the remainder when 57 is divided by w?
5
Suppose 22 = -5*k + 297. Calculate the remainder when k is divided by 28.
27
What is the remainder when 64 is divided by (-22 + 2 - 3)*(2 + -3)?
18
Let p(w) = 4*w - 1. What is the remainder when 27 is divided by p(2)?
6
Let r(t) be the first derivative of -69*t**2/2 - 2. Let z be r(-1). Suppose 4*i + z = 7*i. What is the remainder when i is divided by 8?
7
Let u = 11 - -2. What is the remainder when (3/(-4))/(4/(-336)) is divided by u?
11
Let a(z) = -4*z**3 + z. Suppose -4*b + 8 = 4*p, -3*p = -b - 2*p - 4. Let l be a(b). Calculate the remainder when l/((-9)/15)*-5 is divided by 9.
7
Let k = -81 - -152. Let p(x) = 24*x**2 + x + 1. What is the remainder when k is divided by p(-1)?
23
Let p = 43 - 19. Let f = 4 - -11. Suppose -3*b + f = -24. Calculate the remainder when p is divided by b.
11
Let v = 42 - 35. What is the remainder when 26 is divided by v?
5
Calculate the remainder when 26 is divided by 0 + 4/(8/18).
8
Let x(n) = 3*n - 1. Let m be x(3). Let h = 13 - m. Suppose -h*k + 213 = s - 59, -3*k + 168 = 3*s. Calculate the remainder when k is divided by 14.
12
Suppose -6 = 2*f - 5*f. Suppose 10 = 3*b - y, -2*b - y + 7 - f = 0. Calculate the remainder when 4 is divided by b.
1
What is the remainder when 38 is divided by (-24)/108 - (-119)/9?
12
Let a = 2 - -3. What is the remainder when 920/72 - 2/(-9) is divided by a?
3
Let b = 27 + -22. Let a(z) = -z**2 - 7*z - 2. What is the remainder when b is divided by a(-6)?
1
Suppose 6*f - 3*g = 3*f + 69, 4*g = -4*f + 76. Let o(m) = -2*m. Let y be o(5). Let q = f + y. Calculate the remainder when 21 is divided by q.
10
Suppose 3*d = -4*t + 101, 3*t + 2 = d - 2*t. Let z = 64 - d. What is the remainder when z is divided by 20?
17
Let f(v) = -v - 9. What is the remainder when (2/1)/((-4)/(-14)) is divided by f(-12)?
1
Let m(z) = -z**3 + 10*z**2 + 10*z + 15. What is the remainder when m(11) is divided by 4?
0
Suppose -4*y = -29 - 47. What is the remainder when y is divided by 5?
4
Let i(w) = 2*w**2 - w + 10. What is the remainder when i(5) is divided by 12?
7
Suppose -18 = -n + 5*p, -2 = -n - 3*p - 8. What is the remainder when 11 is divided by n?
2
Let q = -86 + 153. What is the remainder when q is divided by 17?
16
Let a(x) = -x**2 + 4*x. Let n be a(2). Suppose -3*g + 63 = 3*w + g, n*g = -4*w + 84. Let o(l) = 16*l - 3. What is the remainder when o(4) is divided by w?
19
Suppose 3*g - 2*j + 17 = 2*j, g + 19 = 4*j. Calculate the remainder when 49 is divided by (g + (-9)/(-4))*8.
23
Let r(v) = 4*v**3 - v**2 + 2*v - 5. Suppose 3*k = d - 19, -5*d = -5*k - 46 - 9. What is the remainder when r(2) is divided by d?
6
Suppose -6*h + 13*h - 14 = 0. Calculate the remainder when 3 is divided by h.
1
Suppose 0 = 4*j - 60 + 12. Suppose 0 = 3*x - 9, 2*x = -2*z + 11 + 9. Calculate the remainder when j is divided by z.
5
Let g(u) = -u + 7. Let k(w) = w**2 - 6*w + 5. Let p be k(6). Let h = -33 + 38. What is the remainder when h is divided by g(p)?
1
Let n(b) = -2*b - 6. What is the remainder when 16 is divided by n(-6)?
4
Suppose 3*y - 252 = 3*h - 51, -y = 5*h - 61. Suppose -2 = 3*q - 11. Suppose -q*g + 39 + 12 = 0. What is the remainder when y is divided by g?
15
Suppose f + 10 = 3*f. Calculate the remainder when 8 is divided by f.
3
Let q = -1 - 1. Let y(l) = 2*l - 15. Let r(u) = 3*u - 31. Let v(k) = q*r(k) + 5*y(k). Calculate the remainder when v(11) is divided by 11.
9
Let f = 12 - -14. Let y = -31 + 45. What is the remainder when f is divided by y?
12
Let d(y) = 25*y**2. Let g be d(1). Let s = 27 - g. Suppose 0 = 3*q - 2*k + 2 - 21, -2*q + k = -11. Calculate the remainder when q is divided by s.
1
Let g be (-1)/(-1 + 30/28). Let s = g + 45. Calculate the remainder when s - 1 - 1 - 0 is divided by 15.
14
Suppose -n + 1 = -3*i - 1, 10 = -3*i + 5*n. Suppose i = -b - 2 + 12. Let m(q) = 2*q - 4. Calculate the remainder when 46 is divided by m(b).
14
Let y(b) = -b**3 + 2. Let f be y(0). Let m = f - 1. What is the remainder when m is divided by 1?
0
Let s = 14 + -9. Suppose 0 = q - s*q + 12, -n + q = 0. What is the remainder when n is divided by 1?
0
What is the remainder when 17 is divided by (4*(-15)/(-3))/2?
7
Let i = 86 + -41. What is the remainder when i is divided by 16?
13
Let z(b) = 2 + 4 + 0 - 5*b - 6*b. Suppose -c - c = 5*h - 17, -2*h = c - 11. What is the remainder when z(-5) is divided by c?
19
Suppose 5*i = -18 + 283. What is the remainder when i is divided by 14?
11
Suppose 3*i + 87 = -39. Let h = -24 - i. What is the remainder when 50/(-175) - 1098/(-21) is divided by h?
16
Calculate the remainder when 20 is divided by -1 + 8 + 0 + 0.
6
Let z = 391 - 278. Calculate the remainder when z is divided by 29.
26
Let l(a) = 14*a - 1. What is the remainder when 51 is divided by l(1)?
12
Suppose 0*d - 4*d = -24. Calculate the remainder when d is divided by (-4)/(-14) - 52/(-14).
2
Calculate the remainder when 6 is divided by (1 + 1)/((-26)/(-39)).
0
Let v = 17 + -12. Let j(m) = 2*m - 11. What is the remainder when (1 + 0)*v*4 is divided by j(9)?
6
Let g(m) = 3*m**2 - 7*m + 14. What is the remainder when 97 is divided by g(4)?
29
Let s be 72/(-2)*48/(-18). Let f = s - 59. What is the remainder when f is divided by 19?
18
Suppose q = -5*z + 7, 3*z + 25 = -2*z. Calculate the remainder when 127 is divided by q.
31
Let u(s) = -s**3 + 9*s**2 - 6*s + 1. Let t be u(7). Suppose -t + 21 = -4*d. Let r = 55 - 22. What is the remainder when r is divided by d?
6
What is the remainder when 1/(3 + -4) + 37 is divided by 2/2 + -3 + 21?
17
Suppose o + 3*w = 5*o - 148, -3*o + 116 = -w. Suppose -6 = -3*b, -3*b + 40 = 2*k - 0*b. Calculate the remainder when o is divided by k + -3 - (2 + -2).
12
Let u = -1 - -28. Suppose 4*t = t + 42. Calculate the remainder when u is divided by t.
13
Let k(o) = 2*o + 2 + 0*o - o + 0*o. Calculate the remainder when 11 is divided by k(2).
3
Let h = 62 - 33. Let z(k) = -k**2 + 5*k + 2. Let i be z(4). Let m = i + 2. Calculate the remainder when h is divided by m.
5
Suppose -3*a + 185 = 2*a. Let s = 90 - a. Let c = 12 + 6. Calculate the remainder when s is divided by c.
17
What is the remainder when (7 - 4) + 40 + 1 is divided by 23?
21
Let u be 